432303
In base 7, what is 3 + -14111?
-14105
In base 12, what is 129b3 - -37?
12a2a
In base 3, what is 22 - 10000201122?
-10000201100
In base 14, what is 11 - 2a09?
-29d8
In base 13, what is 0 + -4616?
-4616
In base 16, what is -2c9 + 4d?
-27c
In base 10, what is -21 + -3004?
-3025
In base 10, what is 2 - 772961?
-772959
In base 5, what is -1012 + 221?
-241
In base 6, what is -4 - -1320220?
1320212
In base 9, what is -764 - 15?
-780
In base 3, what is 0 - 12210110?
-12210110
In base 7, what is -4356 - -146?
-4210
In base 5, what is -10 + 30314?
30304
In base 9, what is -204 - -2628?
2424
In base 15, what is -29d6 - 0?
-29d6
In base 5, what is -42221 + -11?
-42232
In base 5, what is -3022 + 4?
-3013
In base 12, what is -48 + 1313?
1287
In base 13, what is -40584 - 26?
-405aa
In base 8, what is 64 + -14664?
-14600
In base 11, what is 3938 + 14?
3951
In base 8, what is -4531 + -20?
-4551
In base 14, what is 2098 + -3?
2095
In base 2, what is 10000001010101100 - 111011?
10000001001110001
In base 15, what is 5 + 1003e?
10044
In base 10, what is 970 - -95?
1065
In base 4, what is -111221012 - -1?
-111221011
In base 11, what is 115 - -2a2?
407
In base 3, what is -11020001112 - 110?
-11020001222
In base 7, what is 3 - 61452?
-61446
In base 8, what is 17 + -1477?
-1460
In base 8, what is -42575 - -7?
-42566
In base 4, what is -2122 + 3203122?
3201000
In base 13, what is 2 + 3a717?
3a719
In base 14, what is -1a87a - 2?
-1a87c
In base 10, what is -3 - -13623?
13620
In base 2, what is 111011011000 + 10000010?
111101011010
In base 5, what is -4434 - 20440?
-30424
In base 16, what is -40c + 53?
-3b9
In base 3, what is 1020202 - 1010?
1012122
In base 12, what is 1aa6590 - -5?
1aa6595
In base 7, what is 220 - -230?
450
In base 13, what is -61c + -126?
-745
In base 5, what is 30331 + 11123?
42004
In base 6, what is -1210042 - -5?
-1210033
In base 2, what is -1100011 + -1110001100000011?
-1110001101100110
In base 8, what is -2 + 37626?
37624
In base 2, what is 100001 - -1000010000011111?
1000010001000000
In base 13, what is -67a60 - 0?
-67a60
In base 12, what is -34 - 46?
-7a
In base 13, what is 1 - 31ca?
-31c9
In base 3, what is -10 - 2000021212?
-2000021222
In base 14, what is -5 + -3a494?
-3a499
In base 4, what is 112 - 2222010?
-2221232
In base 9, what is -164 - 1706?
-1871
In base 14, what is -4 - 4c890?
-4c894
In base 15, what is -3d516 + -7?
-3d51d
In base 3, what is -10021 - 1000121?
-1010212
In base 8, what is 5 - 151205?
-151200
In base 4, what is 30203321 + 3?
30203330
In base 5, what is -1210344 - 441?
-1211340
In base 2, what is 101 - -10001010010?
10001010111
In base 9, what is 388 - -23?
422
In base 3, what is 10102101 + -2022?
10100002
In base 13, what is -45acb3 + -4?
-45acb7
In base 14, what is -b + b088?
b07b
In base 10, what is -2 + 172735?
172733
In base 16, what is 7607e - -4?
76082
In base 14, what is 16cb - -9?
16d6
In base 16, what is -1152e - f?
-1153d
In base 4, what is 10112 - -11332100?
12002212
In base 8, what is 366220 + 13?
366233
In base 11, what is -285 + 1146?
971
In base 15, what is 6 - -24a?
251
In base 13, what is 0 + a30a7?
a30a7
In base 9, what is 1521 + 26?
1547
In base 4, what is 2321 + -21230?
-12303
In base 14, what is -4bb22 - 4?
-4bb26
In base 16, what is 1f97c - -3?
1f97f
In base 10, what is 6835 - 66?
6769
In base 4, what is -30231121 + 2?
-30231113
In base 12, what is -56 - 103?
-159
In base 11, what is 996 - 17?
97a
In base 8, what is -103164 + 41?
-103123
In base 10, what is -103915 + 0?
-103915
In base 3, what is -10021100 - -21021?
-10000002
In base 8, what is -1 - 7452?
-7453
In base 15, what is -124 - -38?
-db
In base 6, what is -520 + 1451?
531
In base 3, what is 222 + -22222221?
-22221222
In base 10, what is -3 - 23318?
-23321
In base 12, what is 2027434 - 2?
2027432
In base 3, what is -1001022 + 2122201?
1121102
In base 12, what is -3a15 + -25?
-3a3a
In base 14, what is b - 159a?
-158d
In base 5, what is -11122223 + 2?
-11122221
In base 6, what is -212 + 11140?
10524
In base 9, what is -2 + -34663?
-34665
In base 11, what is -745 - -94?
-661
In base 4, what is 30221213 + 0?
30221213
In base 8, what is -20554 - 267?
-21043
In base 10, what is -5 + -16740?
-16745
In base 8, what is 67470 - 1?
67467
In base 16, what is -384a9 + 0?
-384a9
In base 13, what is 121 - -1?
122
In base 2, what is -100000000 + -1010000111001?
-1010100111001
In base 9, what is 370574 + 30?
370614
In base 6, what is -10 - -144441?
144431
In base 9, what is -32267 + 4?
-32263
In base 15, what is 29ab - 3?
29a8
In base 11, what is -a83a - -105?
-a735
In base 11, what is -33 - -55a2?
556a
In base 5, what is 123 + -1323241?
-1323113
In base 5, what is 1 + -33411031?
-33411030
In base 6, what is -344540402 - -2?
-344540400
In base 13, what is 3 + -5430?
-542a
In base 9, what is 4662605 - 3?
4662602
In base 7, what is -24311 + -32?
-24343
In base 5, what is -1432200 + 2?
-1432143
In base 3, what is 101202012212 + 0?
101202012212
In base 12, what is -1266 - 13?
-1279
In base 2, what is 1 + -11111000111000101100?
-11111000111000101011
In base 16, what is 4af - 1a?
495
In base 7, what is 154 + -1331?
-1144
In base 4, what is -10 + 10233221?
10233211
In base 11, what is -2510 + -8?
-2518
In base 11, what is -436 + 1501?
1076
In base 2, what is -110 + -11011110101101?
-11011110110011
In base 15, what is d2a82 + -5?
d2a7c
In base 3, what is -20222102 - -120202?
-20101200
In base 3, what is 2 - -20112100020?
20112100022
In base 10, what is -2 - 52462?
-52464
In base 15, what is cb1ab + -2?
cb1a9
In base 3, what is -11 + 21111201020?
21111201002
In base 8, what is 4076 - 1?
4075
In base 11, what is -1a + 2795?
2776
In base 14, what is 122 + -b76?
-a54
In base 10, what is -886055 + -2?
-886057
In base 5, what is -130224 - -40?
-130134
In base 14, what is -4 + 4c039?
4c035
In base 9, what is 556 - 51?
505
In base 6, what is 15430 + 132?
20002
In base 14, what is 6b + -ca?
-5d
In base 12, what is -103a025 + 5?
-103a020
In base 6, what is 32003 - 302?
31301
In base 14, what is -275 - -541?
2aa
In base 3, what is 11001020122 - -11?
11001020210
In base 15, what is -c + 96de?
96d2
In base 15, what is -4a + 3874?
3829
In base 12, what is -190a + -5?
-1913
In base 4, what is -11112230332 + -11?
-11112231003
In base 14, what is 1d + -250?
-231
In base 16, what is 0 + -3f06?
-3f06
In base 15, what is 0 - -20a1a?
20a1a
In base 9, what is -3251 + -106?
-3357
In base 8, what is -33525 - 3?
-33530
In base 11, what is 5 + -313862?
-313858
In base 10, what is 2 + 303341?
303343
In base 8, what is 550103 - 0?
550103
In base 10, what is 3 + -54402?
-54399
In base 4, what is 1 - 230022101?
-230022100
In base 8, what is -4671 + -137?
-5030
In base 2, what is 11001111100001 + 10010111?
11010001111000
In base 13, what is -4 - -883b2?
883ab
In base 4, what is 20 + 10122322?
10123002
In base 7, what is 16155 + 12?
16200
In base 9, what is 1787 - 33?
1754
In base 8, what is 3336704 + 1?
3336705
In base 4, what is 120113 - -123?
120302
In base 6, what is 22021 + 50?
22111
In base 8, what is -3202 - 15?
-3217
In base 5, what is -33110 + 11?
-33044
In base 4, what is 1232 + 210031?
211323
In base 7, what is 1453 + -5?
1445
In base 8, what is 173 + -400?
-205
In base 6, what is 24 - 533513?
-533445
In base 4, what is 2 - 111022?
-111020
In base 12, what is -6607aa + -5?
-6607b3
In base 12, what is -3 - 6aa9?
-6ab0
In base 10, what is -410 + 2224?
1814
In base 4, what is 13211 - 11111?
2100
In base 12, what is 2 - 40689?
-40687
In base 11, what is -1 + 7546a3?
7546a2
In base 11, what is 88a0 + -5?
8896
In base 9, what is -41305 - 5?
-41311
In base 12, what is -a19 - 1a?
-a37
In base 2, what is -10 - -101010110001001?
101010110000111
In base 3, what is -100202 + 220122020?
220021111
In base 12, what is -a1 + -1?
-a2
In base 7, what is -2 + -105406?
-105411
In base 4, what is 1011212023 + -1?
1011212022
In base 7, what is 3 - -1054200?
1054203
In base 14, what is -66 + 3bb?
355
In base 12, what is -14949 + 2?
-14947
In base 5, what is -20 - -1221413?
1221343
In base 15, what is 54 - 347?
-2e3
In base 11, what is 2 + -463800?
-4637a9
In base 6, what is 355 + -214?
141
In base 2, what is -10001 - 11100001000?
-11100011001
In base 2, what is 1111000010 + 1000?
1111001010
In bas